t r(a) = -a**2 - 4*a + 7. What is r(w)?
2
Let c be 70/49 - 6/14. Let p be c*3 + (-28)/7. Let g(s) = -10*s - 1. Determine g(p).
9
Suppose 51*p = 53*p - 6. Let i(o) be the third derivative of 0 - 1/12*o**5 + 0*o - o**p + 1/120*o**6 + 2*o**2 + 1/12*o**4. Determine i(5).
4
Let v(x) = x**3 + x**2 + 1. Let s(a) = 4*a**3 + 8*a**2 - 6*a - 1. Let b(c) = s(c) - 3*v(c). Let l be 140/(-25) + 4/(-10). Give b(l).
-4
Let o(m) = m - 5. Let w = 25 - 14. Suppose 32 - 4 = 4*x. Let t = w - x. What is o(t)?
-1
Let z(d) = -d. Suppose 17*t + 12 = 13*t. Give z(t).
3
Suppose 2 = t + 7. Let k = t + 6. Let a(i) = i**2 - 3*i. Let n(s) = 2*s**2 - 2*s. Let q(u) = -3*a(u) + 4*n(u). Calculate q(k).
6
Let c(h) = 14*h**3 - 8*h**2 + 6*h - 5. Let m(q) = -5*q**3 + 3*q**2 - 2*q + 2. Let w = 7 + 4. Let z(o) = w*m(o) + 4*c(o). Calculate z(-2).
-6
Let c(x) be the third derivative of x**5/20 + x**4/24 + x**3/6 + 8*x**2. Suppose -2*k - t + 3 = 4, -3 = -3*t. What is c(k)?
3
Let l(f) = -f**3 + 6*f**2 + f + 6. Let a(q) = q**3 - 7*q**2 - q - 7. Let p(d) = -6*a(d) - 7*l(d). Let c(w) = w - 14. Let v be c(15). What is p(v)?
0
Let b(l) = l**3 + 4*l**2 + 3*l. Suppose -o - 1 - 2 = 0. What is b(o)?
0
Let f(o) be the second derivative of -o**3/6 - o**2/2 - o. Let n be 3 + 2 + 0 + -2. Suppose -n*l - 2*l - 25 = 0. Calculate f(l).
4
Let x(h) = -h + 1. Let i(w) = 4*w - 2. Let k(a) = -i(a) - 3*x(a). What is k(-10)?
9
Let r(w) be the third derivative of -w**6/120 + w**5/10 - w**4/6 - w**2. Let m = 579 + -574. Calculate r(m).
5
Suppose -3*v - 3*p = -2*v - 15, -2*p = -6. Suppose 12 = v*k - 2*k. Suppose l - 6 = k*l. Let h(y) = -y**3 - 3*y**2 + y + 2. Give h(l).
-1
Suppose 7 - 78 = -4*n + 5*z, -5*n = -3*z - 79. Let u be (-28)/8*(-8)/n. Let j be (-2)/(2 + 1 - u). Let d(k) = -k**2 - 2*k - 2. Calculate d(j).
-2
Suppose -j = -4*j + 6, -4*j = 5*n + 7. Suppose -4*r = -7*r - 3. Let d(y) = -1. Let c(v) = v - 1. Let p(h) = r*d(h) - c(h). Give p(n).
5
Let y = -6 - -9. Suppose 2*r = -4*w + 6, y*w - 4*r = 2 - 3. Let f(n) = -4*n + 5*n + 11*n**3 - 2*n + n**2. What is f(w)?
11
Let m(i) be the second derivative of i**5/4 + i**4/12 - i**2/2 + 5*i. Give m(-1).
-5
Let l(t) = t**3 + t**2 - t - 5. Let i(w) = w**2 + 1. Let f(r) = -i(r) + l(r). Let h be -9*6/(-9) + -3. Suppose -h*c = -c. Calculate f(c).
-6
Let l = 2 + 5. Suppose -l*g = -5*f - 3*g + 12, -2*f = 4*g + 12. Let h(q) = q + 1. Give h(f).
1
Suppose k = 7 - 4. Let a(f) = 2*f**2 - 7*f - k*f**2 + 4 - 7. Suppose -4*l + o = 15, 0 = -3*l - 5*o - 0 + 6. What is a(l)?
9
Let l be -1 + 2/(0 + -2). Let s = l + -1. Let v(c) = 2*c + 3. Calculate v(s).
-3
Let f(o) = -o**3 + 5*o**2 + 2. Suppose 0 = 5*d - 39 + 14. Calculate f(d).
2
Let c(n) = n**2 + n - 1. Let q(m) = -3*m - 31. Let z be q(-11). Give c(z).
5
Let g(o) = o**2 + 4. Let m be ((-1)/(-2))/((-10)/60). Calculate g(m).
13
Let t(b) be the third derivative of 0*b - 2*b**2 - 1/8*b**4 + 1/6*b**3 + 0. Calculate t(2).
-5
Let g(k) = k**2 - 2*k + 2. Let c(p) = p - 2. Let z = 3 - 1. Let j be -3*(3/9 - z). Let s be c(j). Give g(s).
5
Let t(p) = 6*p**2 - p**2 - 7 - 8*p - 6*p**2. What is t(-5)?
8
Let x be (-8)/(-24)*(1 + 5). Let i(j) = j**2 - j**3 - 5*j - j**2 - 5*j**2 + j**2 - x. What is i(-3)?
4
Let c(r) be the third derivative of r**6/120 + r**4/8 + 5*r**2. Let o(w) be the second derivative of c(w). Determine o(1).
6
Suppose 5*p + 15 = -40. Let g(v) = v**3 + 11*v**2 - v - 10. Determine g(p).
1
Suppose 0 = 2*z + 7 - 3. Let g(v) = v - 2. Let s(b) = -3*b + 4. Let p = -8 + 3. Let m(r) = p*g(r) - 2*s(r). Give m(z).
0
Let o(a) = -a**3 + 6*a**2 - 1. Suppose 0 = 5*b - 4*b - 6. Calculate o(b).
-1
Let t(o) = o**2 + 11*o + 10. Suppose 5*x = -3*f - 9, -5*f + 2*x - 52 = -2*x. Determine t(f).
-14
Suppose -6*i + 2*i + 16 = 0. Suppose -i - 5 = 3*y. Let z(b) = -b**3 - b**2 + 3*b - 1. Give z(y).
8
Let i be (-3*1)/((-3)/(-9)). Let s(a) = 2 - 87*a**2 + 84*a**2 + 2*a + 1 - 2. Let n(q) = 7*q**2 - 5*q - 2. Let r(z) = i*s(z) - 4*n(z). Calculate r(1).
0
Let x(c) = c. Let y(z) = -1. Let t(j) = x(j) + 4*y(j). Let h be t(3). Let r(o) = -o. Give r(h).
1
Let u = 3 - 6. Let g(q) be the second derivative of -1/12*q**4 + 1/2*q**2 + 0 - q - 1/6*q**3. Give g(u).
-5
Let w(n) = n**2 - 3*n + 5. Let y(b) = -b - 1. Let v(g) = -w(g) - y(g). Determine v(4).
-4
Suppose l + 6 = 9. Let p(u) = -17*u**3 + 3*u - 2*u + 4 - 2 + 18*u**l - 3*u**2. Let t(q) = q**3 + 3*q**2 + 2. Let x be t(-3). What is p(x)?
0
Let n(a) be the first derivative of -a**2/2 + 6*a - 2. Let k be -9 + 5 + 1*2. Let t be k/(-4)*0/1. What is n(t)?
6
Suppose -11 = -4*o - 3. Let h(g) = -2 - g**o + 0*g**2 + 2*g**2. Give h(-3).
7
Let r(k) = 16*k**2 - 25*k + 11. Let p(j) = -3*j**2 + 5*j - 2. Let d(l) = -11*p(l) - 2*r(l). Determine d(6).
6
Let c(p) be the third derivative of p**5/20 + p**4/12 + 2*p**3/3 - 15*p**2. Determine c(-3).
25
Suppose -3*b - 2*p = -7, 4*b + 3*p - 12 = p. Let i(j) = -j**2 + 5*j - 1. Determine i(b).
-1
Suppose 6*q + 2*f = 2*q - 24, -6 = q - 2*f. Let x be 4/q + (-48)/9. Let m(u) = -2*u - 9. What is m(x)?
3
Let q(g) = -5*g. Let j be q(-1). Let i(y) = y**2 - 2. Let x(f) = -f + 1. Let l(b) = -i(b) - 6*x(b). Determine l(j).
1
Let o(j) = -j**2 + 5*j - 2. Let m be 3/1 + 15/(-15). Suppose r + 2*q = 4, 14 = m*r - q - q. What is o(r)?
-8
Let n(v) be the third derivative of v**6/120 - v**5/20 - v**4/24 - v**3/3 - 7*v**2. Let t(g) = -g + 2. Let s be t(-10). Suppose -2*z + s = z. Give n(z).
10
Suppose -y + 5*f = 8*f + 1, -6 = -5*y - 4*f. Suppose 0 = -3*a - 3*k + 21, -a - 1 = -2*k + 4. Let c(q) = a*q - q + 2 - 1. Determine c(y).
5
Let a(z) be the third derivative of 0*z + 0 - 1/6*z**4 - z**2 + 0*z**3 + 1/60*z**5. What is a(4)?
0
Suppose -4*g + 0 = -3*u - 7, -5*g + 23 = u. Suppose 12 = g*l - l. Let f(b) = -3*b - 2 + 4 + 0. What is f(l)?
-10
Let x(w) = 2*w**2 - 3*w + 3. Let r be x(3). Suppose -4*v - r = 4. Let a(u) = -2*u - u + 2*u + 3. Calculate a(v).
7
Let w(u) = -5*u - 15. Let a(x) = 3*x + 8. Let i(m) = 11*a(m) + 6*w(m). What is i(-5)?
-17
Let z(a) = 3*a**2 - 2*a. Let k be 2/9 + 2/(-9). Suppose k*s = 2*s. Let d be ((-8)/2)/(-2) - s. Give z(d).
8
Let s(a) = -a**2 + a + 5. Let y(k) = k**3 - 8*k**2 - 9*k + 5. Let l be y(9). Calculate s(l).
-15
Let k = -5 - -12. Let r = k - 5. Let y(z) = z - 1 - 2 + 7 - 4*z**r + 3*z**2. Calculate y(3).
-2
Let a = 44 - 26. Suppose n + 4*n + 2*l = a, 5*n + 3*l = 22. Let s(w) = -5 + n*w - 6*w + 4. Determine s(1).
-5
Let l(b) = b**2 + 2*b - 6. Let x be l(-4). Let q(k) be the first derivative of 1 - 1/2*k**2 - x*k. Give q(0).
-2
Let y(j) be the third derivative of -j**4/24 + 3*j**3/2 + 2*j**2 - 8*j. Calculate y(5).
4
Suppose 0 = -0*f + 2*f - 4. Let l(i) = f + 5*i - 2*i - 6*i. Calculate l(2).
-4
Let c(g) = g - 5. Let l(d) = -3*d + 9. Let q(y) = -9*c(y) - 5*l(y). Suppose -10*b + 5*b - 20 = 0. Let h = 5 + b. What is q(h)?
6
Let n(t) = -4*t**3 + t + 1. Suppose x + 5 = -4*x. Give n(x).
4
Let o(c) be the second derivative of 7*c**5/60 - c**4/12 - c**3/6 + 2*c**2 - 4*c. Let h(t) be the first derivative of o(t). What is h(-1)?
8
Let t(f) = f**3 - 5*f**2 + 2*f + 7. Suppose 0 = -7*w + 27 + 8. Give t(w).
17
Let d(l) = l**2 + 8*l + 13. Let j be d(-6). Let y(v) be the first derivative of 2*v - 2/3*v**3 + 1/4*v**4 - 3/2*v**2 - j. Determine y(2).
-4
Let i(y) be the second derivative of y**3/6 - y**2 + 20*y. Let s = -3 + 1. Let g be s/(-5)*(-1 + -4). Give i(g).
-4
Suppose -2*q = -9*q + 42. Let w(k) = -k**3 + 7*k**2 - 5*k - 3. What is w(q)?
3
Let h(c) = c + 4. Let v(y) = -y**3 - 3*y**2 + 3*y - 2. Let w be v(-3). Suppose 3*j + 11 + 13 = 0. Let t = w - j. Determine h(t).
1
Let h = 140 + -136. Let p(m) = m**2 + 8*m + 4. Let a(y) = 2*y**2 + 23*y + 11. Suppose -s - 4 = 4. Let r(i) = s*p(i) + 3*a(i). Give r(h).
-11
Suppose 0*a = -5*a + 10. Let y(h) = 2 + h + 2 + 2*h**a + h**3 - 5 + h**2. Let v be (6/(-4))/(12/16). Determine y(v).
1
Let z(d) be the second derivative of -d**4/12 - d**3/6 - d**2/2 + 36*d. Let v(o) = -o - 1. Let m be v(-4). Let y = 2 - m. Give z(y).
-1
Let f(x) = x - 2. Let k be f(1). Let o(i) = 3*i. Give o(k).
-3
Suppose 5*v - 3 = 4*x + 3, -4*x = -v + 14. Let b(u) = u**2 + u + 4. Determine b(x).
16
Let c(z) = 3*z**3 - 5*z**2 - 3*z. Let r(g) = 2*g**3 - 4*g**2 + 0*g**2 + 0*g - 2*g. Let h(p) = -3*c(p) + 4*r(p). Let u be -4 - -4 - (2 + 0). Determine h(u).
2
Let o(x) be the second derivative of -x**